{"id":3,"date":"2023-05-30T09:14:55","date_gmt":"2023-05-30T14:14:55","guid":{"rendered":"http:\/\/negociosverdescorpocaldas.com\/?page_id=3"},"modified":"2024-01-20T19:27:28","modified_gmt":"2024-01-21T00:27:28","slug":"politica-privacidad","status":"publish","type":"page","link":"https:\/\/negociosverdescorpocaldas.com\/index.php\/politica-privacidad\/","title":{"rendered":"Pol\u00edtica de privacidad"},"content":{"rendered":"\t\t<div data-elementor-type=\"wp-page\" data-elementor-id=\"3\" class=\"elementor elementor-3\">\n\t\t\t\t\t\t\t\t\t<section class=\"wd-negative-gap elementor-section elementor-top-section elementor-element elementor-element-395569d5 elementor-section-boxed elementor-section-height-default elementor-section-height-default wd-section-disabled\" data-id=\"395569d5\" data-element_type=\"section\">\n\t\t\t\t\t\t<div class=\"elementor-container elementor-column-gap-default\">\n\t\t\t\t\t<div class=\"elementor-column elementor-col-100 elementor-top-column elementor-element elementor-element-6230918e\" data-id=\"6230918e\" data-element_type=\"column\">\n\t\t\t<div class=\"elementor-widget-wrap elementor-element-populated\">\n\t\t\t\t\t\t\t\t<div class=\"elementor-element elementor-element-73850470 color-scheme-inherit text-left elementor-widget elementor-widget-text-editor\" data-id=\"73850470\" data-element_type=\"widget\" data-widget_type=\"text-editor.default\">\n\t\t\t\t<div class=\"elementor-widget-container\">\n\t\t\t<style>\/*! elementor - v3.14.0 - 26-06-2023 *\/\n.elementor-widget-text-editor.elementor-drop-cap-view-stacked .elementor-drop-cap{background-color:#69727d;color:#fff}.elementor-widget-text-editor.elementor-drop-cap-view-framed .elementor-drop-cap{color:#69727d;border:3px solid;background-color:transparent}.elementor-widget-text-editor:not(.elementor-drop-cap-view-default) .elementor-drop-cap{margin-top:8px}.elementor-widget-text-editor:not(.elementor-drop-cap-view-default) .elementor-drop-cap-letter{width:1em;height:1em}.elementor-widget-text-editor .elementor-drop-cap{float:left;text-align:center;line-height:1;font-size:50px}.elementor-widget-text-editor .elementor-drop-cap-letter{display:inline-block}<\/style>\t\t\t\t<h4><strong>Pol\u00edtica de Privacidad y Condiciones de Uso<\/strong><\/h4>\n<p>Pol\u00edticas y condiciones de uso que los usuarios que visiten el portal Web de los NEGOCIOS VERDES DE CALDAS CORPOCALDAS deben cumplir:<\/p>\n<p><strong>1. Condiciones Generales:<\/strong><\/p>\n<p>La Corporaci\u00f3n Aut\u00f3noma Regional de Caldas &#8211; CORPOCALDAS, a trav\u00e9s de su Portal www.negociosverdescaldas.com tiene como objetivo proveer a sus usuarios noticias, eventos, tr\u00e1mites e informaci\u00f3n de sus servicios y dem\u00e1s informaci\u00f3n relacionada con sus funciones y objetivos.<\/p>\n<p>Establece que la informaci\u00f3n publicada en su sitio Web ha contemplado procedimientos y est\u00e1ndares de calidad. No obstante, CORPOCALDAS no se responsabiliza por el uso e interpretaci\u00f3n realizada por terceros.<\/p>\n<p>As\u00ed mismo no pretende obtener lucro alguno, ganancia o inter\u00e9s comercial con sus contenidos o enlaces que se publican, pues en particular \u00e9stos \u00faltimos se implementan para facilitar la navegaci\u00f3n y consulta, no estableci\u00e9ndose con ello aprobaci\u00f3n, aceptaci\u00f3n ni responsabilidad alguna por parte de CORPOCALDAS sobre la informaci\u00f3n que \u00e9stos contengan, capturen, ni los tr\u00e1mites y\/o servicios que provean, al igual que tampoco ser\u00e1 responsable por la p\u00e9rdida o da\u00f1o que se derive por el uso del contenido del sitio Web, ni de enlace alguno referenciado en la misma.<\/p>\n<p>Respecto a la reproducci\u00f3n total o parcial de la informaci\u00f3n publicada en el sitio WEB, diferente a la establecida en los enlaces que se incorporan en el mismo, se autoriza, siempre y cuando se mencione la fuente. En este sentido, se permite el uso de los contenidos con fines estrictamente informativos, acad\u00e9micos, educacionales, de investigaci\u00f3n o personales, que en ning\u00fan caso impliquen la utilizaci\u00f3n de los mismos para fines de lucro.<\/p>\n<p>En relaci\u00f3n con la prestaci\u00f3n del servicio del sitio WEB es de car\u00e1cter libre y gratuito y el uso de su contenido se rige bajo los t\u00e9rminos y condiciones que se indican a continuaci\u00f3n:<\/p>\n<p>El uso de la informaci\u00f3n contenida en el sitio WEB deber\u00e1 ser solamente para fines l\u00edcitos y correctos<br \/>No deber\u00e1 suprimirse o manipular los contenidos obtenidos del sitio WEB, guardando en todo momento conformidad con los derechos de autor y las leyes nacionales e internacionales que regulen la propiedad intelectual de los mismos<br \/>El uso de los contenidos no podr\u00e1 ser para fines comerciales o publicitarios<br \/>El visitante o usuario se hace responsable de cualquier uso indebido, il\u00edcito o anormal que realice con su contenido.<br \/>El visitante o usuario directa o indirectamente no realizar\u00e1 acto alguno que pretenda sobrepasar los controles establecidos en el sitio WEB o afecte la plataforma tecnol\u00f3gica, sus sistemas de informaci\u00f3n, ni su normal funcionamiento y en general que se constituya en conducta il\u00edcita.\u00a0<br \/>El visitante o usuario del sitio WEB, no enviar\u00e1 o transmitir\u00e1 en o hacia el sitio WEB informaci\u00f3n ofensiva, de acoso sexual, pornogr\u00e1fica, abusiva, amenazante, racista, de pirater\u00eda, plagios y en general aquella que se constituya ilegal a la luz de las Leyes Colombianas e Internacionales.<\/p>\n<p><strong>2. Informaci\u00f3n:<\/strong><\/p>\n<p>La informaci\u00f3n que se encuentra en el portal no puede utilizarse con fines comerciales, para lo cual queda prohibida la copia, modificaci\u00f3n, distribuci\u00f3n o reproducci\u00f3n de los datos, documentos, informaci\u00f3n, im\u00e1genes o gr\u00e1ficos en cualquier medio electr\u00f3nico (cd rom, bases de datos, diskettes, redes) que permita la disponibilidad de esta informaci\u00f3n a m\u00faltiples usuarios sin el previo visto bueno de CORPOCALDAS por medio escrito.<\/p>\n<p>Se permite el Uso de los contenidos con fines estrictamente informativos, acad\u00e9micos, educacionales, de investigaci\u00f3n o personales, que en ninguna caso impliquen la utilizaci\u00f3n de los mismos para fines de lucro.<\/p>\n<p><strong>3. Registro de Usuarios y Claves de Acceso:<\/strong><\/p>\n<p>Los contenidos del sitio Web de la son de car\u00e1cter gratuito para los Usuarios y no exigen el registro previo del usuario.<\/p>\n<p><strong>4. Protecci\u00f3n de Datos Personales:<\/strong><\/p>\n<p>Se establece como pol\u00edtica la privacidad y confidencialidad de la informaci\u00f3n que indiquen los visitantes o usuarios del sitio WEB, obtenida como parte de los mecanismos de interacci\u00f3n, transacci\u00f3n o participaci\u00f3n que presta la entidad, siendo el ingreso de la informaci\u00f3n de manera voluntaria por parte del usuario o visitante.<\/p>\n<p>Al respecto se establece que la informaci\u00f3n solicitada s\u00f3lo ser\u00e1 utilizada para los fines indicados y \u00e9sta no ser\u00e1 divulgada a terceros sin consentimiento de quien suministra la informaci\u00f3n, salvo en aquellos casos en que la legislaci\u00f3n vigente as\u00ed lo indique.<\/p>\n<p>No obstante, CORPOCALDAS no ser\u00e1 responsable en ning\u00fan caso, ni circunstancia, por los ataques o incidentes a la seguridad del sitio WEB o recursos utilizados, que en un momento dado puedan afectar la confidencialidad, integridad o autenticidad de la informaci\u00f3n publicada o asociada con los contenidos y servicios que se ofrezcan en ella.<\/p>\n<p><strong>5.Seguridad de la informaci\u00f3n:<\/strong><\/p>\n<p>CORPOCALDAS ha adoptado los niveles de seguridad de protecci\u00f3n de los Datos Personales legalmente requeridos, y ha instalado todos los medios y medidas t\u00e9cnicas a su alcance para evitar la p\u00e9rdida, mal uso, alteraci\u00f3n, acceso no autorizado y robo de los Datos Personales facilitados por los Usuarios. Ello no obstante, el Usuario debe ser consciente de que las medidas de seguridad en Internet no son inexpugnables.<\/p>\n<p><strong>6. Derechos de Autor:<\/strong><\/p>\n<p>Todos los derechos de los contenidos y las fotograf\u00edas publicadas en el sitio Web de NEGOCIOS VERDES DE CALDAS CORPOCALDAS son propiedad de esta instituci\u00f3n, o est\u00e1n autorizados por sus autores o referenciadas las fuentes de las cuales se extrajeron. Su uso y\/o publicaci\u00f3n est\u00e1 autorizado, con la consecuente incorporaci\u00f3n de la fuente y enlace a la p\u00e1gina principal de la CORPOCALDAS.<\/p>\n<p><strong>7. Responsabilidad por las Opiniones e Informaciones vertidas en el Portal:<\/strong><\/p>\n<p>CORPOCALDAS no se responsabiliza por las informaciones y opiniones emitidas en el sitio Web del la Corporaci\u00f3n cuando no sean de su exclusiva emisi\u00f3n. Las informaciones y opiniones emitidas por personas diferentes a \u00e9stos, no necesariamente reflejan la posici\u00f3n de la CORPOCALDAS, incluyendo sin limitaci\u00f3n a sus empleados, directores, asesores, coordinadores y proveedores.<\/p>\n<p><strong>8. Enlaces a p\u00e1ginas externas:<\/strong><\/p>\n<p>El portal contiene enlaces a p\u00e1ginas externas sobre las cuales CORPOCALDAS no ejerce control alguno y respecto de las cuales no tiene responsabilidad. En este sentido, el contenido de tales enlaces ser\u00e1 \u00fanicamente responsabilidad de las entidades respectivas.<\/p>\n<p><strong>9. Aceptaci\u00f3n de T\u00e9rminos:<\/strong><\/p>\n<p>Teniendo en cuenta que el visitante o usuario accede al sitio WEB de manera voluntaria, se entiende igualmente con ello que lo hace bajo su total responsabilidad y por ende acepta plenamente los t\u00e9rminos y condiciones establecidos por CORPOCALDAS en este documento.<\/p>\n<p>De igual forma, CORPOCALDAS se reserva el derecho de actualizar, de manera unilateral y sin previo aviso, las presentes condiciones de uso y los contenidos del sitio WEB.<\/p>\n<p><strong>10. Disponibilidad de la Informaci\u00f3n<\/strong><\/p>\n<p>CORPOCALDAS establece mecanismos al interior de la entidad que procuran garantizar la disponibilidad del servicio. No obstante CORPOCALDAS no se hace responsable por da\u00f1os ocasionados por interrupci\u00f3n del servicio.<\/p>\n<p>Respecto a las interrupciones generadas por mantenimiento del sitio WEB \u00f3 de las p\u00e1ginas que lo componen, CORPOCALDAS har\u00e1 su mejor esfuerzo para que el impacto para el usuario \u00f3 visitante sea el menor posible.<\/p>\n<p><strong>LEY APLICABLE:<\/strong><\/p>\n<p>Las condiciones aqu\u00ed establecidas se regir\u00e1n bajo el amparo de las Leyes Colombianas, en los aspectos que no se encuentren expresamente indicados en el documento. As\u00ed mismo se especifica que si alg\u00fan aspecto mencionado pierde validez, por cualquier raz\u00f3n, todos los dem\u00e1s enunciados se mantienen vigentes, con car\u00e1cter vinculante y generar\u00e1n los efectos establecidos.<\/p>\n<p>Cualquier controversia que surja de la interpretaci\u00f3n o aplicaci\u00f3n de los aspectos contenidos en este documento se someter\u00e1 a los jueces de la Rep\u00fablica de Colombia.<\/p>\n<p>Cualquier duda, inquietud o comentario sobre el contenido de este portal debe dirigirse a la direcci\u00f3n electr\u00f3nica: corpocaldas@corpocaldas.gov.co<\/p>\t\t\t\t\t\t<\/div>\n\t\t\t\t<\/div>\n\t\t\t\t\t<\/div>\n\t\t<\/div>\n\t\t\t\t\t\t\t<\/div>\n\t\t<\/section>\n\t\t\t\t\t\t\t<\/div>\n\t\t","protected":false},"excerpt":{"rendered":"<p>Pol\u00edtica de Privacidad y Condiciones de Uso Pol\u00edticas y condiciones de uso que los usuarios que visiten el portal Web<\/p>\n","protected":false},"author":1,"featured_media":0,"parent":0,"menu_order":0,"comment_status":"closed","ping_status":"open","template":"","meta":[],"_links":{"self":[{"href":"https:\/\/negociosverdescorpocaldas.com\/index.php\/wp-json\/wp\/v2\/pages\/3"}],"collection":[{"href":"https:\/\/negociosverdescorpocaldas.com\/index.php\/wp-json\/wp\/v2\/pages"}],"about":[{"href":"https:\/\/negociosverdescorpocaldas.com\/index.php\/wp-json\/wp\/v2\/types\/page"}],"author":[{"embeddable":true,"href":"https:\/\/negociosverdescorpocaldas.com\/index.php\/wp-json\/wp\/v2\/users\/1"}],"replies":[{"embeddable":true,"href":"https:\/\/negociosverdescorpocaldas.com\/index.php\/wp-json\/wp\/v2\/comments?post=3"}],"version-history":[{"count":7,"href":"https:\/\/negociosverdescorpocaldas.com\/index.php\/wp-json\/wp\/v2\/pages\/3\/revisions"}],"predecessor-version":[{"id":17145,"href":"https:\/\/negociosverdescorpocaldas.com\/index.php\/wp-json\/wp\/v2\/pages\/3\/revisions\/17145"}],"wp:attachment":[{"href":"https:\/\/negociosverdescorpocaldas.com\/index.php\/wp-json\/wp\/v2\/media?parent=3"}],"curies":[{"name":"wp","href":"https:\/\/api.w.org\/{rel}","templated":true}]}}